 List the prime factors of x.
2, 7, 13
Let a(j) = -9*j**3 - 15*j**2 - 22*j + 5. Suppose 153*r + 30 = 147*r. List the prime factors of a(r).
5, 173
Let m(q) = 3*q**2 - 6. Let n be m(4). Let f be 1*27/21 - 12/n. What are the prime factors of 23*-3*(-3 + 1 + f)?
3, 23
Suppose 0 = 5*s - 1553 - 442. Suppose s = 5*b - 3*u, -2*b - 5*u + 154 = -18. List the prime factors of b.
3
Let m be (-12 + 18)/(1/(-6)). Suppose 4*p - 4*w - 176 = 56, -290 = -5*p - w. Let o = p - m. List the prime factors of o.
2, 47
Let b = -132 - -133. Let g(t) = 8*t**2 - 2*t + 52*t**2 + t**2 + 5*t. What are the prime factors of g(b)?
2
Let o(i) = 2*i**3 + 10*i**2 + 12*i - 66. List the prime factors of o(18).
2, 3, 13, 193
Let c(v) be the second derivative of 11*v**4/12 - v**3/3 - 7*v**2/2 - 180*v. Let b be 3*3/(9/3). What are the prime factors of c(b)?
2, 43
Let g(y) be the second derivative of y**5/20 + 7*y**4/12 - y**3/2 - 4*y**2 + 69*y. What are the prime factors of g(5)?
277
Suppose -720 + 710 = -5*g. Suppose 2*w + 0 + 6 = 0, 0 = 3*j - g*w - 2334. List the prime factors of j.
2, 97
Let f = 2992 + 1476. What are the prime factors of f?
2, 1117
Suppose -4*d + 35488 = -2*r, 3*d - 32*r = -28*r + 26601. What are the prime factors of d?
5, 71
Let y = 97 + -97. Suppose -5*x = -j - y*j + 370, 0 = 3*j. List the prime factors of (0 - x)*1/2.
37
Suppose 2*k = -29*z + 24*z + 69882, 5*k + 5*z - 174660 = 0. List the prime factors of k.
2, 3, 5821
Let c be 8/(-2) + 1 - (-6 + 0). Suppose 3*p + 2*p = -c*o + 14, 0 = -3*p + 3. List the prime factors of (8/3 - o)*-138.
2, 23
Suppose -3*f - 12 = 6*g - 3*g, -f = 4*g + 10. Let y(m) = 18*m**2 - 4*m - 5. Let s(h) = h + 1. Let j(d) = 2*s(d) + y(d). What are the prime factors of j(f)?
73
Suppose -3*w = 3*d - 7*w - 21952, 3*d = 2*w + 21944. List the prime factors of d.
2, 457
Suppose -18453 = -t + 2*p, -56*t - p = -53*t - 55366. List the prime factors of t.
5, 3691
Suppose 530*b + 41033 = 540*b - 54117. What are the prime factors of b?
5, 11, 173
Let l = 12055 - 4731. List the prime factors of l.
2, 1831
Suppose 16*b - 9 = 13*b. Suppose 0 = -2*z - b*q + 3691, 5*z - 4*q - 2976 - 6240 = 0. List the prime factors of z.
2, 461
Suppose 17*r - 24*r + 28 = 0. Suppose -r*c - 1656 = -4*x, -c = -x - 2*c + 404. List the prime factors of x.
409
Let l = -1035 - -777. Let a = l + 293. What are the prime factors of a?
5, 7
Suppose -t - 4*i + 3*i = -3666, 3*i + 7357 = 2*t. What are the prime factors of t?
3671
Let i = -39623 - -69944. List the prime factors of i.
3, 1123
Let t(u) = 10*u**2 - u + 36. Let w(d) = 5*d**2 - d + 19. Let b(h) = -2*t(h) + 5*w(h). List the prime factors of b(-7).
17
Let n = 7436 - -49395. List the prime factors of n.
17, 3343
Let i(y) = -y - 1. Let x(p) = 27*p - 4. Let g(u) = 6*i(u) - x(u). Let h be g(1). List the prime factors of (-33)/(-5) + (-14)/h.
7
Suppose 5*g - 5*j - 85 = 0, 5*g - 4*j = -3*j + 73. Suppose -19*l = -g*l - 300. List the prime factors of (-612)/(-10)*l/24.
3, 17
Let s(h) = 45*h**2 - 2*h + 8. Let w(r) = -1. Let a(o) = s(o) - 3*w(o). List the prime factors of a(5).
2, 563
Let r be (-203)/14 + 14 - 1/2. Let p(f) = 630*f**2 + 18*f + 18. What are the prime factors of p(r)?
2, 3, 5, 7
Let m(j) = 75*j**2 - 2*j**3 + 3*j + 5*j**3 - 14 - 9*j - 70*j**2. What are the prime factors of m(8)?
2, 3, 13, 23
Suppose 5*w - 9 = -g, -8 = 9*w - 11*w + 4*g. Suppose 9*d - 4*d - 15 = 0. Suppose 2*y + w*a = 142, -3*y + d*a = -y - 147. What are the prime factors of y?
2, 3
Let d(k) = -25*k - 1 - 9 + 5*k**2 + 15 + 4. Let z(a) = 6*a. Let n be z(1). What are the prime factors of d(n)?
3, 13
Let i(p) = -p**2 - 2*p + 3. Let h be i(-2). Suppose 2*d - 604 = 4*k, -d + 4*k + 1228 = h*d. What are the prime factors of d?
2, 3, 13
Let h be ((-1710)/110)/(-3) - (-4)/(-22). Suppose -9428 = -4*p + 3*m - 2881, -m - h = 0. List the prime factors of p.
23, 71
Let l(m) = -20 - 8 - 2*m**3 + m**3 + 4*m + 8*m**2 + 7. Let y be l(8). Suppose y*b + 102 = 2214. List the prime factors of b.
2, 3
Let y(f) = 73*f**2 - 7*f + 11. Let i(x) = -220*x**2 + 25*x - 34. Let b(d) = 2*i(d) + 7*y(d). What are the prime factors of b(-4)?
7, 163
Let u(i) = 12*i**3 - 17*i**2 + 36*i - 29. List the prime factors of u(10).
10631
Let m(o) = o**3 - 3*o**2 + 3*o. Let s be m(2). Let f = -320 + 359. Suppose -x + f = s*x. List the prime factors of x.
13
Suppose 5*b + 75*a - 72*a - 110985 = 0, -2*b - 5*a + 44394 = 0. What are the prime factors of b?
3, 7, 151
Let a(v) = v**2 + 18*v - 25. Let q(c) = 1. Let z(u) = -a(u) + 4*q(u). Let h = -43 - -25. What are the prime factors of z(h)?
29
What are the prime factors of (-2)/(-9) - (-16)/(-14)*(-721959)/837?
2, 17, 29
Let n = -4451 - -10127. List the prime factors of n.
2, 3, 11, 43
Let s be 41620/22 - 6/(-33). Suppose 3115 + 41 = 5*i - 4*o, 2*o = 3*i - s. What are the prime factors of i?
2, 157
Let z(t) = -1. Let n(d) = -d**3 + 5*d**2 - 7*d - 10. Suppose 5 = -2*f + 3. Let h(j) = f*n(j) + 3*z(j). What are the prime factors of h(6)?
5, 17
Let z = -3 - -4. Let c(m) be the first derivative of 25*m**3 - m**2/2 - m - 97. What are the prime factors of c(z)?
73
Suppose -5*n + 2*d = -1648, 2*n + 2*d - 661 = d. Suppose 5*c - 20 = c, 3*c - n = -3*w. What are the prime factors of (2/6)/((25/w)/5)?
7
Let c = 82 + -41. Let i = 41 - c. Suppose i*j + 4 = 2*j, -12 = -2*m + 2*j. What are the prime factors of m?
2
Let p(q) be the third derivative of q**6/120 + q**5/10 - q**4/3 + 4*q**3/3 + 17*q**2. Let s be p(-7). List the prime factors of (-512)/(-6) - -1*10/s.
2, 43
Let q(g) = -g**3 - 115*g**2 + 172*g + 395. List the prime factors of q(-117).
7649
Let s = 38 + -36. Suppose z + 115 - 539 = 4*m, 5*m = s*z - 842. List the prime factors of z.
2, 13
Let k(r) = r**3 + 9*r**2 + 3*r + 31. Let f be k(-9). Suppose -4*a + 3*g = -0*g - 2211, a = f*g + 556. List the prime factors of a.
2, 3, 23
Let q be 2/(-4)*(-90 - -76). Suppose -q*i + 4563 + 3760 = 0. List the prime factors of i.
29, 41
What are the prime factors of (92/20 - 3)/(20/10780550*17)?
2, 11, 1153
Let m(a) = a**3 + a**2 - 11*a - 565. Let y be m(0). Let v = y + 1008. List the prime factors of v.
443
Let y(i) = 1360*i**2 - 10*i - 26. List the prime factors of y(-8).
2, 7, 6221
Suppose 41*k - 54*k + 63427 = 0. What are the prime factors of k?
7, 17, 41
Suppose 9*p = 7*p + 310. Suppose y = -3*v + 91, 0 = v + 4*v + y - p. Suppose -18 = -3*r - 2*z, -4*r + v = 3*z + 8. What are the prime factors of r?
2, 3
Suppose 6*n + 25 = 11*n. Let z = n - -44. Let y = z + -39. List the prime factors of y.
2, 5
Suppose -5*q + 4*c + 188 = 0, 12*q - 10*q - 2*c - 76 = 0. Let r = 9 - q. What are the prime factors of ((-993)/r - 2) + 6/27?
5, 7
Suppose -3*o - 3*q + 27 = -0*o, 4*o - 5*q = 0. Suppose -2*r - o*j = -1272, 0*r + 5*r - 3211 = 3*j. What are the prime factors of r?
641
Let q(t) = -19*t**3 - 2*t**2 + t + 2. Let p be q(-1). Let n(x) = -6 + 2*x**2 - 4*x**2 + x**2 - p*x + 0*x**2. What are the prime factors of n(-10)?
2, 37
Let l(h) = -3*h + 26 + 31 + 19*h**2 - 88 + 29. Let k(w) = w + 4. Let s be k(-6). What are the prime factors of l(s)?
2, 5
Let h = -19 + 34. Suppose 0 = -i - z - 4 - h, 0 = -3*i - 2*z - 53. List the prime factors of ((-138)/i)/(4/20).
2, 23
Let k(a) = -3399*a + 120. Let p be k(4). What are the prime factors of 2/(-11) - p/66?
2, 3, 17
Let p(f) = -f**2 + 7*f - 6. Let j be p(5). Suppose 0*u = 2*w - u - 59, 2*w + j*u - 44 = 0. Let l = 109 + w. What are the prime factors of l?
137
Let y be (265/2)/((-11)/(-1144)). Suppose -6*g + y = 7*g. List the prime factors of g.
2, 5, 53
What are the prime factors of (-68738)/(-4) + 24/48 - 3/1?
2, 11, 71
Suppose -5*k + 17 = 2*i, 0 = -k + i + 2*i. List the prime factors of (85*18/12)/(k/6).
3, 5, 17
Let j(n) = n**3 + 2*n**2 - 16*n + 3. Let l(f) = -2*f**3 - 5 - 7*f**2 + 2*f**2 + 0*f**2 + 31*f. Let h(t) = -11*j(t) - 6*l(t). List the prime factors of h(-7).
2, 29
Suppose 98*f + 178*f = 752652. List the prime factors of f.
3, 101
Let d(v) = 6148*v**3 + 16*v**2 + 17*v - 42. List the prime factors of d(2).
2, 5, 1231
Let q be 27/5 + 30/(-75). Suppose -q*p - p + 1686 = 0. Suppose -3*v = 2*v + 5, -2*v - p = -3*z. List the prime factors of z.
3, 31
Suppose -2*i = -4*f - 9 - 1, -17 = 2*f + 3*i. Let r = 4 + f. Let w(t) = -5*t + 71. List the prime factors of w(r).
71
Suppose -3*a + 9 = -60. Let o = a 